{"id":42,"date":"2023-11-30T13:34:10","date_gmt":"2023-11-30T13:34:10","guid":{"rendered":"https:\/\/weitweiterweltweit.de\/blog\/?page_id=42"},"modified":"2023-11-30T13:34:10","modified_gmt":"2023-11-30T13:34:10","slug":"cookie-richtlinie","status":"publish","type":"page","link":"https:\/\/weitweiterweltweit.de\/blog\/cookie-richtlinie\/","title":{"rendered":"Cookie-Richtlinie"},"content":{"rendered":"\n<div class=\"wp-block-group\"><div class=\"wp-block-group__inner-container is-layout-constrained wp-block-group-is-layout-constrained\">\n<p><\/p>\n\n\n\n<p class=\"has-text-xs-font-size\">Inkrafttretungsdatum: 30. November 2023<br>Letzte Aktualisierung: <strong>30. November 2023<\/strong><\/p>\n\n\n\n<div class=\"wp-block-columns is-layout-flex wp-container-core-columns-is-layout-9d6595d7 wp-block-columns-is-layout-flex\">\n<div class=\"wp-block-column is-layout-flow wp-block-column-is-layout-flow\" style=\"flex-basis:100%\">\n<p><\/p>\n\n\n\n<h5 class=\"wp-block-heading\">Was sind Cookies?<\/h5>\n\n\n\n<p>Diese Cookie-Richtlinie erkl\u00e4rt, was Cookies sind und wie wir sie verwenden, welche Arten von Cookies wir einsetzen, d.h., welche Informationen wir mithilfe von Cookies sammeln und wie diese Informationen verwendet werden, sowie wie Sie die Cookie-Einstellungen verwalten k\u00f6nnen.<\/p>\n\n\n\n<p>Cookies sind kleine Textdateien, die dazu verwendet werden, kleine Informationsst\u00fccke zu speichern. Sie werden auf Ihrem Ger\u00e4t gespeichert, wenn die Website in Ihrem Browser geladen wird. Diese Cookies helfen uns, die Website ordnungsgem\u00e4\u00df funktionieren zu lassen, sie sicherer zu machen, ein besseres Benutzererlebnis zu bieten, zu verstehen, wie die Website funktioniert, und zu analysieren, was funktioniert und wo Verbesserungen n\u00f6tig sind.<\/p>\n\n\n\n<h5 class=\"wp-block-heading\">Wie verwenden wir Cookies?<\/h5>\n\n\n\n<p>Wie die meisten Online-Dienste verwendet auch unsere Website sowohl eigene Cookies (First-Party Cookies) als auch Cookies von Drittanbietern (Third-Party Cookies) f\u00fcr verschiedene Zwecke. Die eigenen Cookies sind gr\u00f6\u00dftenteils notwendig, damit die Website richtig funktioniert, und sie sammeln keine pers\u00f6nlich identifizierbaren Daten von Ihnen.<\/p>\n\n\n\n<p>Wenn wir Cookies von Drittanbietern einsetzen, geschieht dies, um die Funktionsweise unserer Website zu analysieren, Ihr Nutzerverhalten auf unserer Website zu verstehen, unsere Dienste sicher zu halten, sowie Werbeanzeigen zu schalten, die f\u00fcr Sie relevant sind. Diese Cookies tragen dazu bei, Ihnen ein verbessertes Benutzererlebnis zu bieten und Ihre zuk\u00fcnftigen Interaktionen mit unserer Website zu optimieren.<\/p>\n\n\n\n<h5 class=\"wp-block-heading\">Arten von Cookies, die wir verwenden<\/h5>\n\n\n\n<p><div class=\"cky-audit-table-element\"><\/div><\/p>\n\n\n\n<h5 class=\"wp-block-heading\">Cookie-Einstellungen verwalten<\/h5>\n\n\n\n<div class=\"wp-block-buttons is-content-justification-center is-layout-flex wp-container-core-buttons-is-layout-16018d1d wp-block-buttons-is-layout-flex\">\n<div class=\"wp-block-button has-custom-width wp-block-button__width-50 is-style-fill\"><a class=\"wp-block-button__link has-surface-primary-color has-text-on-background-color has-text-color has-background has-link-color wp-element-button cky-banner-element\">Cookie-Einstellungen<\/a><\/div>\n<\/div>\n\n\n\n<p>Sie k\u00f6nnen Ihre Cookie-Einstellungen jederzeit \u00e4ndern, indem Sie den oben genannten Button anklicken. Dies erm\u00f6glicht es Ihnen, das Banner zur Cookie-Zustimmung erneut aufzurufen und Ihre Einstellungen zu \u00e4ndern oder Ihre Zustimmung sofort zur\u00fcckzuziehen.<\/p>\n\n\n\n<p>Zus\u00e4tzlich bieten verschiedene Browser unterschiedliche Methoden, um Cookies, die von Websites verwendet werden, zu blockieren und zu l\u00f6schen. Sie k\u00f6nnen die Einstellungen Ihres Browsers \u00e4ndern, um Cookies zu blockieren\/l\u00f6schen. Unten finden Sie Links zu den Support-Dokumenten, wie Sie Cookies in den wichtigsten Webbrowsern verwalten und l\u00f6schen k\u00f6nnen.<\/p>\n\n\n\n<p>Chrome:&nbsp;<a target=\"_blank\" rel=\"noreferrer noopener\" href=\"https:\/\/support.google.com\/accounts\/answer\/32050\">https:\/\/support.google.com\/accounts\/answer\/32050<\/a><\/p>\n\n\n\n<p>Safari:&nbsp;<a target=\"_blank\" rel=\"noreferrer noopener\" href=\"https:\/\/support.apple.com\/de-de\/guide\/safari\/sfri11471\/mac\">https:\/\/support.apple.com\/de-de\/guide\/safari\/sfri11471\/mac<\/a><\/p>\n\n\n\n<p>Firefox:&nbsp;<a target=\"_blank\" rel=\"noreferrer noopener\" href=\"https:\/\/support.mozilla.org\/de\/kb\/cookies-und-website-daten-in-firefox-loschen\">https:\/\/support.mozilla.org\/de\/kb\/cookies-und-website-daten-in-firefox-loschen<\/a><\/p>\n\n\n\n<p>Internet Explorer:&nbsp;<a target=\"_blank\" rel=\"noreferrer noopener\" href=\"https:\/\/support.microsoft.com\/de-de\/topic\/so-loschen-sie-cookiedateien-in-internet-explorer-bca9446f-d873-78de-77ba-d42645fa52fc\">https:\/\/support.microsoft.com\/de-de\/topic\/so-loschen-sie-cookiedateien-in-internet-explorer-bca9446f-d873-78de-77ba-d42645fa52fc<\/a><\/p>\n\n\n\n<p>Wenn Sie einen anderen Webbrowser verwenden, besuchen Sie bitte die offiziellen Support-Dokumente Ihres Browsers.<\/p>\n\n\n\n<p>Cookie Policy Generated By&nbsp;<a target=\"_blank\" href=\"https:\/\/www.cookieyes.com\/?utm_source=CP&amp;utm_medium=footer&amp;utm_campaign=UW\" rel=\"noreferrer noopener\">CookieYes &#8211; Cookie Policy Generator<\/a>.<\/p>\n<\/div>\n<\/div>\n<\/div><\/div>\n\n\n\n<div class=\"wp-block-buttons is-layout-flex wp-block-buttons-is-layout-flex\"><\/div>\n","protected":false},"excerpt":{"rendered":"<p>Inkrafttretungsdatum: 30. November 2023Letzte Aktualisierung: 30. November 2023 Was sind<\/p>\n","protected":false},"author":1,"featured_media":0,"parent":0,"menu_order":0,"comment_status":"closed","ping_status":"closed","template":"wp-custom-template-individuell","meta":{"footnotes":""},"class_list":["post-42","page","type-page","status-publish","hentry"],"_links":{"self":[{"href":"https:\/\/weitweiterweltweit.de\/blog\/wp-json\/wp\/v2\/pages\/42","targetHints":{"allow":["GET"]}}],"collection":[{"href":"https:\/\/weitweiterweltweit.de\/blog\/wp-json\/wp\/v2\/pages"}],"about":[{"href":"https:\/\/weitweiterweltweit.de\/blog\/wp-json\/wp\/v2\/types\/page"}],"author":[{"embeddable":true,"href":"https:\/\/weitweiterweltweit.de\/blog\/wp-json\/wp\/v2\/users\/1"}],"replies":[{"embeddable":true,"href":"https:\/\/weitweiterweltweit.de\/blog\/wp-json\/wp\/v2\/comments?post=42"}],"version-history":[{"count":0,"href":"https:\/\/weitweiterweltweit.de\/blog\/wp-json\/wp\/v2\/pages\/42\/revisions"}],"wp:attachment":[{"href":"https:\/\/weitweiterweltweit.de\/blog\/wp-json\/wp\/v2\/media?parent=42"}],"curies":[{"name":"wp","href":"https:\/\/api.w.org\/{rel}","templated":true}]}}